1
List the prime factors of 10609.
103
What are the prime factors of 93?
3, 31
List the prime factors of 516.
2, 3, 43
What are the prime factors of 2447?
2447
What are the prime factors of 296?
2, 37
What are the prime factors of 6185?
5, 1237
List the prime factors of 18442.
2, 9221
List the prime factors of 18664.
2, 2333
What are the prime factors of 19785?
3, 5, 1319
List the prime factors of 31686.
2, 3, 5281
What are the prime factors of 24993?
3, 2777
What are the prime factors of 131358?
2, 3, 21893
List the prime factors of 6484.
2, 1621
List the prime factors of 8173.
11, 743
List the prime factors of 1757.
7, 251
List the prime factors of 47247.
3, 15749
List the prime factors of 236.
2, 59
What are the prime factors of 196?
2, 7
List the prime factors of 36193.
17, 2129
What are the prime factors of 6692?
2, 7, 239
What are the prime factors of 89705?
5, 7, 11, 233
List the prime factors of 25727.
13, 1979
List the prime factors of 19659.
3, 6553
What are the prime factors of 65388?
2, 3, 5449
List the prime factors of 2377.
2377
What are the prime factors of 4332?
2, 3, 19
List the prime factors of 34536.
2, 3, 1439
What are the prime factors of 680?
2, 5, 17
List the prime factors of 4464.
2, 3, 31
List the prime factors of 5363.
31, 173
What are the prime factors of 1238?
2, 619
List the prime factors of 2486.
2, 11, 113
What are the prime factors of 8562?
2, 3, 1427
What are the prime factors of 6042?
2, 3, 19, 53
List the prime factors of 414.
2, 3, 23
List the prime factors of 6482.
2, 7, 463
What are the prime factors of 410?
2, 5, 41
List the prime factors of 1127.
7, 23
What are the prime factors of 1410?
2, 3, 5, 47
What are the prime factors of 4932?
2, 3, 137
What are the prime factors of 10515?
3, 5, 701
List the prime factors of 143012.
2, 35753
What are the prime factors of 3631?
3631
What are the prime factors of 3022?
2, 1511
List the prime factors of 155918.
2, 7, 37, 43
What are the prime factors of 85852?
2, 13, 127
List the prime factors of 2575.
5, 103
List the prime factors of 12891.
3, 4297
List the prime factors of 291.
3, 97
List the prime factors of 20989.
139, 151
What are the prime factors of 3?
3
What are the prime factors of 8758?
2, 29, 151
List the prime factors of 4165.
5, 7, 17
What are the prime factors of 124211?
223, 557
What are the prime factors of 5743?
5743
What are the prime factors of 1871?
1871
List the prime factors of 885.
3, 5, 59
What are the prime factors of 4672?
2, 73
What are the prime factors of 3457?
3457
What are the prime factors of 686?
2, 7
What are the prime factors of 2042?
2, 1021
List the prime factors of 675.
3, 5
What are the prime factors of 94189?
131, 719
What are the prime factors of 8955?
3, 5, 199
What are the prime factors of 66286?
2, 11, 23, 131
List the prime factors of 10340.
2, 5, 11, 47
List the prime factors of 1331.
11
What are the prime factors of 24356?
2, 6089
What are the prime factors of 10027?
37, 271
What are the prime factors of 83358?
2, 3, 11, 421
List the prime factors of 42925.
5, 17, 101
List the prime factors of 589.
19, 31
What are the prime factors of 119978?
2, 239, 251
What are the prime factors of 3342?
2, 3, 557
What are the prime factors of 3074?
2, 29, 53
What are the prime factors of 7633?
17, 449
What are the prime factors of 580?
2, 5, 29
List the prime factors of 2500.
2, 5
List the prime factors of 649.
11, 59
List the prime factors of 7711.
11, 701
What are the prime factors of 70361?
71, 991
List the prime factors of 257.
257
What are the prime factors of 6345?
3, 5, 47
List the prime factors of 31109.
13, 2393
What are the prime factors of 8394?
2, 3, 1399
What are the prime factors of 944?
2, 59
What are the prime factors of 115748?
2, 19, 1523
List the prime factors of 97055.
5, 7, 47, 59
List the prime factors of 10144.
2, 317
What are the prime factors of 246?
2, 3, 41
List the prime factors of 1437.
3, 479
What are the prime factors of 75594?
2, 3, 43, 293
List the prime factors of 1139.
17, 67
List the prime factors of 1800.
2, 3, 5
List the prime factors of 87.
3, 29
List the prime factors of 17696.
2, 7, 79
What are the prime factors of 44408?
2, 7, 13, 61
What are the prime factors of 158?
2, 79
List the prime factors of 585.
3, 5, 13
List the prime factors of 493.
17, 29
List the prime factors of 1491.
3, 7, 71
What are the prime factors of 50?
2, 5
List the prime factors of 36387.
3, 13, 311
List the prime factors of 31580.
2, 5, 1579
List the prime factors of 1458.
2, 3
List the prime factors of 29923.
23, 1301
What are the prime factors of 58812?
2, 3, 13, 29
What are the prime factors of 132349?
7, 37, 73
What are the prime factors of 5593?
7, 17, 47
List the prime factors of 2928.
2, 3, 61
List the prime factors of 1529.
11, 139
List the prime factors of 494.
2, 13, 19
What are the prime factors of 18425?
5, 11, 67
What are the prime factors of 7307?
7307
List the prime factors of 2352.
2, 3, 7
What are the prime factors of 853?
853
List the prime factors of 230.
2, 5, 23
List the prime factors of 2784.
2, 3, 29
List the prime factors of 34526.
2, 61, 283
What are the prime factors of 27164?
2, 6791
List the prime factors of 1736.
2, 7, 31
What are the prime factors of 8842?
2, 4421
What are the prime factors of 2949?
3, 983
List the prime factors of 3668.
2, 7, 131
What are the prime factors of 1692?
2, 3, 47
What are the prime factors of 86821?
7, 79, 157
List the prime factors of 810.
2, 3, 5
List the prime factors of 111260.
2, 5, 5563
What are the prime factors of 1502?
2, 751
What are the prime factors of 4312?
2, 7, 11
List the prime factors of 105827.
97, 1091
List the prime factors of 11251.
11251
What are the prime factors of 8591?
11, 71
What are the prime factors of 7622?
2, 37, 103
What are the prime factors of 32320?
2, 5, 101
List the prime factors of 8189.
19, 431
List the prime factors of 11800.
2, 5, 59
List the prime factors of 10252.
2, 11, 233
What are the prime factors of 794?
2, 397
List the prime factors of 1055.
5, 211
What are the prime factors of 10093?
10093
List the prime factors of 7147.
7, 1021
What are the prime factors of 280?
2, 5, 7
What are the prime factors of 813?
3, 271
What are the prime factors of 173?
173
What are the prime factors of 10325?
5, 7, 59
List the prime factors of 10767.
3, 37, 97
List the prime factors of 12644.
2, 29, 109
What are the prime factors of 5804?
2, 1451
List the prime factors of 27133.
43, 631
What are the prime factors of 526?
2, 263
What are the prime factors of 490?
2, 5, 7
What are the prime factors of 694?
2, 347
What are the prime factors of 21?
3, 7
What are the prime factors of 2554?
2, 1277
List the prime factors of 896.
2, 7
What are the prime factors of 1293?
3, 431
List the prime factors of 7167.
3, 2389
What are the prime factors of 2066?
2, 1033
What are the prime factors of 2060?
2, 5, 103
List the prime factors of 1017.
3, 113
What are the prime factors of 45713?
17, 2689
List the prime factors of 1137.
3, 379
What are the prime factors of 38332?
2, 7, 37
What are the prime factors of 1839?
3, 613
List the prime factors of 1092.
2, 3, 7, 13
What are the prime factors of 4769?
19, 251
List the prime factors of 57912.
2, 3, 19, 127
List the prime factors of 1766.
2, 883
List the prime factors of 107536.
2, 11, 13, 47
List the prime factors of 10702.
2, 5351
List the prime factors of 15859.
15859
List the prime factors of 1423.
1423
List the prime factors of 56970.
2, 3, 5, 211
What are the prime factors of 2095?
5, 419
List the prime factors of 4761.
3, 23
What are the prime factors of 2480?
2, 5, 31
What are the prime factors of 50368?
2, 787
List the prime factors of 1239.
3, 7, 59
List the prime factors of 20246.
2, 53, 191
List the prime factors of 3215.
5, 643
What are the prime factors of 2304?
2, 3
What are the prime factors of 564?
2, 3, 47
What are the prime factors of 57285?
3, 5, 19, 67
What are the prime factors of 16535?
5, 3307
What are the prime factors of 21003?
3, 7001
What are the prime factors of 10648?
2, 11
What are the prime factors of 61721?
11, 31, 181
List the prime factors of 515.
5, 103
List the prime factors of 965.
5, 193
What are the prime factors of 6143?
6143
List the prime factors of 80.
2,